{"id":261,"date":"2024-11-16T15:16:41","date_gmt":"2024-11-16T12:16:41","guid":{"rendered":"https:\/\/isinustasimaltepe.com\/?page_id=261"},"modified":"2025-01-19T17:56:19","modified_gmt":"2025-01-19T14:56:19","slug":"uskudar-mobilya-montaj","status":"publish","type":"page","link":"https:\/\/isinustasimaltepe.com\/index.php\/uskudar-mobilya-montaj\/","title":{"rendered":"\u00dcsk\u00fcdar Mobilya Montaj"},"content":{"rendered":"\t\t<div data-elementor-type=\"wp-page\" data-elementor-id=\"261\" class=\"elementor elementor-261\">\n\t\t\t\t\t\t<section class=\"elementor-section elementor-top-section elementor-element elementor-element-a3cc425 elementor-section-boxed elementor-section-height-default elementor-section-height-default\" data-id=\"a3cc425\" data-element_type=\"section\">\n\t\t\t\t\t\t<div class=\"elementor-container elementor-column-gap-default\">\n\t\t\t\t\t<div class=\"elementor-column elementor-col-100 elementor-top-column elementor-element elementor-element-ec4f6de\" data-id=\"ec4f6de\" data-element_type=\"column\">\n\t\t\t<div class=\"elementor-widget-wrap elementor-element-populated\">\n\t\t\t\t\t\t<div class=\"elementor-element elementor-element-1e36fca elementor-widget elementor-widget-elementskit-heading\" data-id=\"1e36fca\" data-element_type=\"widget\" data-widget_type=\"elementskit-heading.default\">\n\t\t\t\t<div class=\"elementor-widget-container\">\n\t\t\t\t\t<div class=\"ekit-wid-con\" ><div class=\"ekit-heading elementskit-section-title-wraper text_center   ekit_heading_tablet-   ekit_heading_mobile-\"><a href=\"https:\/\/isinustasimaltepe.com\/index.php\/iletisim\/\"><h1 class=\"ekit-heading--title elementskit-section-title \"><span><span>\u00dcsk\u00fcdar<\/span><\/span> Mobilya Montaj<\/h1><\/a><div class=\"ekit_heading_separetor_wraper ekit_heading_elementskit-border-divider ekit-dotted\"><div class=\"elementskit-border-divider ekit-dotted\"><\/div><\/div><\/div><\/div>\t\t\t\t<\/div>\n\t\t\t\t<\/div>\n\t\t\t\t\t<\/div>\n\t\t<\/div>\n\t\t\t\t\t<\/div>\n\t\t<\/section>\n\t\t\t\t<section class=\"elementor-section elementor-top-section elementor-element elementor-element-fc33fb2 elementor-section-boxed elementor-section-height-default elementor-section-height-default\" data-id=\"fc33fb2\" data-element_type=\"section\">\n\t\t\t\t\t\t<div class=\"elementor-container elementor-column-gap-default\">\n\t\t\t\t\t<div class=\"elementor-column elementor-col-100 elementor-top-column elementor-element elementor-element-07fb611\" data-id=\"07fb611\" data-element_type=\"column\">\n\t\t\t<div class=\"elementor-widget-wrap elementor-element-populated\">\n\t\t\t\t\t\t<div class=\"elementor-element elementor-element-89d912e elementor-widget elementor-widget-heading\" data-id=\"89d912e\" data-element_type=\"widget\" data-widget_type=\"heading.default\">\n\t\t\t\t<div class=\"elementor-widget-container\">\n\t\t\t\t\t<h3 class=\"elementor-heading-title elementor-size-default\">T\u00fcm Model Ve Markalar\u0131n Mobilya Montaj\u0131 Titizliklikle Yap\u0131l\u0131r!<\/h3>\t\t\t\t<\/div>\n\t\t\t\t<\/div>\n\t\t\t\t\t<\/div>\n\t\t<\/div>\n\t\t\t\t\t<\/div>\n\t\t<\/section>\n\t\t\t\t<section class=\"elementor-section elementor-top-section elementor-element elementor-element-67b3504 elementor-section-boxed elementor-section-height-default elementor-section-height-default\" data-id=\"67b3504\" data-element_type=\"section\">\n\t\t\t\t\t\t<div class=\"elementor-container elementor-column-gap-default\">\n\t\t\t\t\t<div class=\"elementor-column elementor-col-100 elementor-top-column elementor-element elementor-element-08cecd4\" data-id=\"08cecd4\" data-element_type=\"column\">\n\t\t\t<div class=\"elementor-widget-wrap elementor-element-populated\">\n\t\t\t\t\t\t<div class=\"elementor-element elementor-element-65d0341 elementor-widget elementor-widget-heading\" data-id=\"65d0341\" data-element_type=\"widget\" data-widget_type=\"heading.default\">\n\t\t\t\t<div class=\"elementor-widget-container\">\n\t\t\t\t\t<h2 class=\"elementor-heading-title elementor-size-default\">T\u00fcm Masa Sandalye Modellerinin Montaj\u0131<\/h2>\t\t\t\t<\/div>\n\t\t\t\t<\/div>\n\t\t\t\t<div class=\"elementor-element elementor-element-0e3198c elementor-widget elementor-widget-text-editor\" data-id=\"0e3198c\" data-element_type=\"widget\" data-widget_type=\"text-editor.default\">\n\t\t\t\t<div class=\"elementor-widget-container\">\n\t\t\t\t\t\t\t\t\t<p>\u00dcsk\u00fcdar b\u00f6lgesi genelinde her t\u00fcrl\u00fc masa ve sandalye montaj\u0131n\u0131 h\u0131zl\u0131 ve g\u00fcvenilir bir \u015fekilde yap\u0131yorum. Mobilyalar\u0131n\u0131z\u0131 en k\u0131sa s\u00fcrede kullan\u0131ma haz\u0131r hale getiriyorum. Profesyonel ve \u00f6zenli hizmet almak i\u00e7in benimle ileti\u015fime ge\u00e7ebilirsiniz!<\/p><p>masa montaj\u0131, sandalye montaj\u0131, mobilya montaj hizmeti, h\u0131zl\u0131 montaj<\/p>\t\t\t\t\t\t\t\t<\/div>\n\t\t\t\t<\/div>\n\t\t\t\t<div class=\"elementor-element elementor-element-ad33ab8 elementor-widget elementor-widget-heading\" data-id=\"ad33ab8\" data-element_type=\"widget\" data-widget_type=\"heading.default\">\n\t\t\t\t<div class=\"elementor-widget-container\">\n\t\t\t\t\t<h2 class=\"elementor-heading-title elementor-size-default\">Dolap Ve Gard\u0131rop Montaj\u0131<\/h2>\t\t\t\t<\/div>\n\t\t\t\t<\/div>\n\t\t\t\t<div class=\"elementor-element elementor-element-8af18a5 elementor-widget elementor-widget-text-editor\" data-id=\"8af18a5\" data-element_type=\"widget\" data-widget_type=\"text-editor.default\">\n\t\t\t\t<div class=\"elementor-widget-container\">\n\t\t\t\t\t\t\t\t\t<p>\u00dcsk\u00fcdar b\u00f6lgesi genelinde her t\u00fcrl\u00fc dolap ve gard\u0131rop montaj\u0131n\u0131 h\u0131zl\u0131 ve \u00f6zenli bir \u015fekilde yap\u0131yorum. Mobilyalar\u0131n\u0131z\u0131 sa\u011flam ve kullan\u0131ma haz\u0131r hale getirerek ya\u015fam alanlar\u0131n\u0131z\u0131 d\u00fczenli hale getiriyorum. Profesyonel montaj hizmeti i\u00e7in bana ula\u015fabilirsiniz!<\/p><div class=\"flex max-w-full flex-col flex-grow\"><div class=\"min-h-8 text-message flex w-full flex-col items-end gap-2 whitespace-normal break-words [.text-message+&amp;]:mt-5\" dir=\"auto\" data-message-author-role=\"assistant\" data-message-id=\"e23fab80-bd50-42a7-ae77-463bac10a96d\" data-message-model-slug=\"gpt-4o\"><div class=\"flex w-full flex-col gap-1 empty:hidden first:pt-[3px]\"><div class=\"markdown prose w-full break-words dark:prose-invert dark\"><p><em>dolap montaj\u0131, gard\u0131rop montaj\u0131, mobilya montaj hizmeti, h\u0131zl\u0131 montaj<\/em><\/p><\/div><\/div><\/div><\/div>\t\t\t\t\t\t\t\t<\/div>\n\t\t\t\t<\/div>\n\t\t\t\t<div class=\"elementor-element elementor-element-3f14de3 elementor-widget elementor-widget-heading\" data-id=\"3f14de3\" data-element_type=\"widget\" data-widget_type=\"heading.default\">\n\t\t\t\t<div class=\"elementor-widget-container\">\n\t\t\t\t\t<h2 class=\"elementor-heading-title elementor-size-default\">Koltuk Ve Oturma Grubu Montaj\u0131<\/h2>\t\t\t\t<\/div>\n\t\t\t\t<\/div>\n\t\t\t\t<div class=\"elementor-element elementor-element-b760360 elementor-widget elementor-widget-text-editor\" data-id=\"b760360\" data-element_type=\"widget\" data-widget_type=\"text-editor.default\">\n\t\t\t\t<div class=\"elementor-widget-container\">\n\t\t\t\t\t\t\t\t\t<p>\u00dcsk\u00fcdar b\u00f6lgesi genelinde yeni koltuk ve oturma grubunuzun montaj\u0131n\u0131 profesyonelce yap\u0131yorum. Koltuk ayaklar\u0131ndan s\u0131rt yaslamas\u0131na kadar t\u00fcm par\u00e7alar\u0131 \u00f6zenle birle\u015ftiriyor, sa\u011flam ve konforlu bir montaj sa\u011fl\u0131yorum. H\u0131zl\u0131 ve g\u00fcvenli montaj i\u015flemiyle, \u00fcr\u00fcn\u00fc en iyi \u015fekilde kullan\u0131ma sunuyorum. Koltuk montaj\u0131 i\u00e7in bana ula\u015farak, sorunsuz bir hizmet alabilirsiniz.<\/p>\t\t\t\t\t\t\t\t<\/div>\n\t\t\t\t<\/div>\n\t\t\t\t<div class=\"elementor-element elementor-element-c7a2f69 elementor-widget elementor-widget-heading\" data-id=\"c7a2f69\" data-element_type=\"widget\" data-widget_type=\"heading.default\">\n\t\t\t\t<div class=\"elementor-widget-container\">\n\t\t\t\t\t<h2 class=\"elementor-heading-title elementor-size-default\">Tv Sehbas\u0131 Ve \u00dcnitesi Montaj\u0131<\/h2>\t\t\t\t<\/div>\n\t\t\t\t<\/div>\n\t\t\t\t<div class=\"elementor-element elementor-element-292136b elementor-widget elementor-widget-text-editor\" data-id=\"292136b\" data-element_type=\"widget\" data-widget_type=\"text-editor.default\">\n\t\t\t\t<div class=\"elementor-widget-container\">\n\t\t\t\t\t\t\t\t\t<p>\u00dcsk\u00fcdar b\u00f6lgesi genelinde yeni TV sehpan\u0131z veya \u00fcnitenizin montaj\u0131n\u0131 h\u0131zl\u0131 ve g\u00fcvenli bir \u015fekilde yap\u0131yorum. Par\u00e7alar\u0131 do\u011fru \u015fekilde birle\u015ftirip, yerle\u015ftirme ve duvara montaj i\u015flemlerini titizlikle ger\u00e7ekle\u015ftiriyorum. Estetik ve fonksiyonel bir kurulum i\u00e7in bana g\u00fcvenebilirsiniz. TV \u00fcnitesi montaj\u0131 hizmetimle, salonunuzda m\u00fckemmel bir d\u00fczen sa\u011fl\u0131yorum. Montaj hizmeti i\u00e7in hemen benimle ileti\u015fime ge\u00e7in!<\/p>\t\t\t\t\t\t\t\t<\/div>\n\t\t\t\t<\/div>\n\t\t\t\t<div class=\"elementor-element elementor-element-abe11c8 elementor-widget elementor-widget-heading\" data-id=\"abe11c8\" data-element_type=\"widget\" data-widget_type=\"heading.default\">\n\t\t\t\t<div class=\"elementor-widget-container\">\n\t\t\t\t\t<h2 class=\"elementor-heading-title elementor-size-default\">Bazal\u0131 Yatak, Yatak Ve Ba\u015fl\u0131k, Ranza Montaj\u0131<\/h2>\t\t\t\t<\/div>\n\t\t\t\t<\/div>\n\t\t\t\t<div class=\"elementor-element elementor-element-4009318 elementor-widget elementor-widget-text-editor\" data-id=\"4009318\" data-element_type=\"widget\" data-widget_type=\"text-editor.default\">\n\t\t\t\t<div class=\"elementor-widget-container\">\n\t\t\t\t\t\t\t\t\t<p>\u00dcsk\u00fcdar b\u00f6lgesi genelinde bazal\u0131 yatak, yatak ba\u015fl\u0131\u011f\u0131 veya ranza montaj\u0131n\u0131 h\u0131zl\u0131 ve g\u00fcvenli \u015fekilde yap\u0131yorum. Yatak ve ba\u015fl\u0131k birle\u015fimini \u00f6zenle ger\u00e7ekle\u015ftiriyor, ranza montaj\u0131n\u0131 sa\u011flam ve g\u00fcvenli hale getiriyorum. \u00dcr\u00fcnlerinizi do\u011fru \u015fekilde kurarak, rahat ve kullan\u0131\u015fl\u0131 bir uyku alan\u0131 sa\u011fl\u0131yorum. Yatak montaj\u0131 hizmeti i\u00e7in benimle ileti\u015fime ge\u00e7in, kusursuz bir kurulum deneyimi ya\u015fay\u0131n!<\/p>\t\t\t\t\t\t\t\t<\/div>\n\t\t\t\t<\/div>\n\t\t\t\t<div class=\"elementor-element elementor-element-6486f51 elementor-widget elementor-widget-heading\" data-id=\"6486f51\" data-element_type=\"widget\" data-widget_type=\"heading.default\">\n\t\t\t\t<div class=\"elementor-widget-container\">\n\t\t\t\t\t<h2 class=\"elementor-heading-title elementor-size-default\">\u00c7ok Ama\u00e7l\u0131 Dolap Montaj\u0131<\/h2>\t\t\t\t<\/div>\n\t\t\t\t<\/div>\n\t\t\t\t<div class=\"elementor-element elementor-element-26fa0e0 elementor-widget elementor-widget-text-editor\" data-id=\"26fa0e0\" data-element_type=\"widget\" data-widget_type=\"text-editor.default\">\n\t\t\t\t<div class=\"elementor-widget-container\">\n\t\t\t\t\t\t\t\t\t<p>\u00dcsk\u00fcdar b\u00f6lgesi genelinde \u00e7ok ama\u00e7l\u0131 dolap montaj\u0131 hizmeti sunuyorum. Yeni dolab\u0131n\u0131z\u0131n par\u00e7alar\u0131n\u0131 do\u011fru \u015fekilde birle\u015ftiriyor, sa\u011flam ve fonksiyonel bir kurulum sa\u011fl\u0131yorum. Gard\u0131rop, ayakkab\u0131l\u0131k, kitapl\u0131k ya da mutfak dolab\u0131 gibi farkl\u0131 dolap t\u00fcrlerinin montaj\u0131n\u0131 h\u0131zl\u0131 ve g\u00fcvenli bir \u015fekilde ger\u00e7ekle\u015ftiriyorum. Kullan\u0131m alan\u0131n\u0131za uygun ve estetik montaj \u00e7\u00f6z\u00fcmleri ile alan\u0131n\u0131z\u0131 d\u00fczenli hale getiriyorum. \u00c7ok ama\u00e7l\u0131 dolap montaj\u0131 i\u00e7in hemen bana ula\u015f\u0131n, sorunsuz bir hizmet al\u0131n!<\/p>\t\t\t\t\t\t\t\t<\/div>\n\t\t\t\t<\/div>\n\t\t\t\t<div class=\"elementor-element elementor-element-920a25a elementor-widget elementor-widget-heading\" data-id=\"920a25a\" data-element_type=\"widget\" data-widget_type=\"heading.default\">\n\t\t\t\t<div class=\"elementor-widget-container\">\n\t\t\t\t\t<h2 class=\"elementor-heading-title elementor-size-default\">T\u00fcm Banyo Materyellerinin Montaj\u0131<\/h2>\t\t\t\t<\/div>\n\t\t\t\t<\/div>\n\t\t\t\t<div class=\"elementor-element elementor-element-a314ec2 elementor-widget elementor-widget-text-editor\" data-id=\"a314ec2\" data-element_type=\"widget\" data-widget_type=\"text-editor.default\">\n\t\t\t\t<div class=\"elementor-widget-container\">\n\t\t\t\t\t\t\t\t\t<p>\u00dcsk\u00fcdar b\u00f6lgesi genelinde banyodaki t\u00fcm materyallerin montaj\u0131n\u0131 uzman bir \u015fekilde yap\u0131yorum. Du\u015fakabin, banyo dolab\u0131, lavabolar, klozetler, bataryalar ve ayd\u0131nlatma gibi t\u00fcm banyo \u00fcr\u00fcnlerinin montaj\u0131n\u0131 h\u0131zl\u0131 ve g\u00fcvenli bir \u015fekilde ger\u00e7ekle\u015ftiriyorum. Montaj s\u0131ras\u0131nda estetik ve fonksiyonelli\u011fi bir arada sunarak, banyonuza de\u011fer kat\u0131yorum. T\u00fcm banyo materyallerinin montaj\u0131 i\u00e7in benimle ileti\u015fime ge\u00e7in, kusursuz bir sonu\u00e7 elde edin!<\/p>\t\t\t\t\t\t\t\t<\/div>\n\t\t\t\t<\/div>\n\t\t\t\t<div class=\"elementor-element elementor-element-5bb564d elementor-widget elementor-widget-heading\" data-id=\"5bb564d\" data-element_type=\"widget\" data-widget_type=\"heading.default\">\n\t\t\t\t<div class=\"elementor-widget-container\">\n\t\t\t\t\t<h2 class=\"elementor-heading-title elementor-size-default\">T\u00fcm Elektronik \u00dcr\u00fcn Ba\u011flant\u0131lar\u0131 Ve Montaj\u0131<\/h2>\t\t\t\t<\/div>\n\t\t\t\t<\/div>\n\t\t\t\t<div class=\"elementor-element elementor-element-6fcf5f2 elementor-widget elementor-widget-text-editor\" data-id=\"6fcf5f2\" data-element_type=\"widget\" data-widget_type=\"text-editor.default\">\n\t\t\t\t<div class=\"elementor-widget-container\">\n\t\t\t\t\t\t\t\t\t<p>\u00dcsk\u00fcdar b\u00f6lgesi genelinde elektronik \u00fcr\u00fcnlerinizin montaj\u0131n\u0131 ve ba\u011flant\u0131lar\u0131n\u0131 uzmanl\u0131kla yap\u0131yorum. TV, ses sistemi, klima, beyaz e\u015fyalar (buzdolab\u0131, \u00e7ama\u015f\u0131r makinesi, bula\u015f\u0131k makinesi), bilgisayar ekipmanlar\u0131 ve daha fazlas\u0131n\u0131n kurulumunu h\u0131zl\u0131 ve g\u00fcvenli \u015fekilde ger\u00e7ekle\u015ftiriyorum. \u00dcr\u00fcnlerinizin do\u011fru bir \u015fekilde ba\u011flanmas\u0131n\u0131 sa\u011flayarak, kullan\u0131ma haz\u0131r hale getiriyorum. Elektronik \u00fcr\u00fcn montaj\u0131 ve ba\u011flant\u0131s\u0131 i\u00e7in bana ula\u015f\u0131n, profesyonel hizmetin tad\u0131n\u0131 \u00e7\u0131kar\u0131n!<\/p>\t\t\t\t\t\t\t\t<\/div>\n\t\t\t\t<\/div>\n\t\t\t\t\t<\/div>\n\t\t<\/div>\n\t\t\t\t\t<\/div>\n\t\t<\/section>\n\t\t\t\t<\/div>\n\t\t","protected":false},"excerpt":{"rendered":"<p>\u00dcsk\u00fcdar Mobilya Montaj T\u00fcm Model Ve Markalar\u0131n Mobilya Montaj\u0131 Titizliklikle Yap\u0131l\u0131r! T\u00fcm Masa Sandalye Modellerinin Montaj\u0131 \u00dcsk\u00fcdar b\u00f6lgesi genelinde her t\u00fcrl\u00fc masa ve sandalye montaj\u0131n\u0131 h\u0131zl\u0131 ve g\u00fcvenilir bir \u015fekilde yap\u0131yorum. Mobilyalar\u0131n\u0131z\u0131 en k\u0131sa s\u00fcrede kullan\u0131ma haz\u0131r hale getiriyorum. Profesyonel ve \u00f6zenli hizmet almak i\u00e7in benimle ileti\u015fime ge\u00e7ebilirsiniz! masa montaj\u0131, sandalye montaj\u0131, mobilya montaj hizmeti, [&hellip;]<\/p>\n","protected":false},"author":1,"featured_media":0,"parent":0,"menu_order":0,"comment_status":"closed","ping_status":"closed","template":"","meta":{"footnotes":""},"class_list":["post-261","page","type-page","status-publish","hentry"],"_links":{"self":[{"href":"https:\/\/isinustasimaltepe.com\/index.php\/wp-json\/wp\/v2\/pages\/261","targetHints":{"allow":["GET"]}}],"collection":[{"href":"https:\/\/isinustasimaltepe.com\/index.php\/wp-json\/wp\/v2\/pages"}],"about":[{"href":"https:\/\/isinustasimaltepe.com\/index.php\/wp-json\/wp\/v2\/types\/page"}],"author":[{"embeddable":true,"href":"https:\/\/isinustasimaltepe.com\/index.php\/wp-json\/wp\/v2\/users\/1"}],"replies":[{"embeddable":true,"href":"https:\/\/isinustasimaltepe.com\/index.php\/wp-json\/wp\/v2\/comments?post=261"}],"version-history":[{"count":4,"href":"https:\/\/isinustasimaltepe.com\/index.php\/wp-json\/wp\/v2\/pages\/261\/revisions"}],"predecessor-version":[{"id":324,"href":"https:\/\/isinustasimaltepe.com\/index.php\/wp-json\/wp\/v2\/pages\/261\/revisions\/324"}],"wp:attachment":[{"href":"https:\/\/isinustasimaltepe.com\/index.php\/wp-json\/wp\/v2\/media?parent=261"}],"curies":[{"name":"wp","href":"https:\/\/api.w.org\/{rel}","templated":true}]}}